se -v = z*v + q*x - 45, -v = -5*x - 15. List the prime factors of v.
3, 5
Let l(g) = -2*g**2 + 3*g + 3. Let k be l(3). Suppose -o = -1 + 12. Let x = k - o. What are the prime factors of x?
5
Suppose -5*c + 116 = -164. List the prime factors of c.
2, 7
Suppose 21 = -2*p - 3. What are the prime factors of (56/p)/((-2)/12)?
2, 7
Let n(g) = -18*g**3 + 1. Let x(d) = -19*d**3 + 1. Let z(o) = 6*n(o) - 5*x(o). Let f be z(-1). Suppose 0 = 2*y - 24 - f. What are the prime factors of y?
19
List the prime factors of 90/(-18) + -1 + 232.
2, 113
Let s = 1 + -9. Let i(g) = 50*g + 47*g - 100*g. List the prime factors of i(s).
2, 3
Let j(a) = a**2 - 8*a + 9. Let u be j(7). Suppose -7*w + u*w = -10. Suppose -4 + 18 = w*k. What are the prime factors of k?
7
Suppose -h + 65 = 3*g + 2, -3*h + g = -169. List the prime factors of h.
3, 19
Suppose 2*s - 7*s - 20 = 0. Let x be 1/s - 21/(-4). Let i = x + 9. List the prime factors of i.
2, 7
Suppose 12 = 3*l, -4*l - 18 - 37 = -f. What are the prime factors of f?
71
Let v(s) = -35*s**2 + 12 + 48*s**2 - s**3 + 2*s**3 + 10*s. List the prime factors of v(-12).
2, 3
Let d(s) = -s**3 + 8*s**2 + 12*s - 24. Let x(k) = k**3 - 8*k**2 - 11*k + 23. Let n(u) = -4*d(u) - 5*x(u). What are the prime factors of n(8)?
37
Suppose 4*a - 120 = -2*f, -3*f + 0*f = a - 40. What are the prime factors of a?
2, 7
Suppose -5*m - 3 = 7. What are the prime factors of m + 124/(1 + 3)?
29
Let i(h) = -5*h**2 + 16*h - 5. Let f(z) = -z**2 + 4*z - 1. Let t(p) = 9*f(p) - 2*i(p). Let n be t(-9). What are the prime factors of n/10 + 4/10?
5
Suppose -2*v + 4*b + 90 = 0, b - 6*b = 10. What are the prime factors of v?
41
Let f = -1 - -19. List the prime factors of f.
2, 3
List the prime factors of (-2 - 0)*(-5)/(-20)*-206.
103
Let v be (-3)/12 + 13/4. Let j(g) = g**3 - g**2 - 5*g + 4. List the prime factors of j(v).
7
Suppose 4*w + d = 279, 0 = -w - 0*d - d + 69. Suppose w = -7*q + 12*q. List the prime factors of q.
2, 7
Let w(r) = r. Let y(u) = -8*u - 13. Let k(h) = 2*w(h) + y(h). What are the prime factors of k(-7)?
29
Let z(l) = l**3 - 6*l**2 + l - 2. Let y be z(6). Suppose -4 = -y*c + 12. Suppose -m - c = -2*m. List the prime factors of m.
2
Let r be 14 + -8 - (3 + 0). Suppose 5*f - r*k = 4 + 20, 2*k = -2*f. List the prime factors of 21*((-10)/f)/(-5).
2, 7
Let j be (-4 + 0)*(2 - 1). Let k = 23 + j. What are the prime factors of k?
19
Suppose 0*c - 4 = -4*c. Suppose -2*z = -c - 3. Suppose 0 = z*s - 4*q - 28, -2*q + 15 = 5*s - q. List the prime factors of s.
2
Suppose 5*s - 138 = -8. Let u = s - 18. List the prime factors of u.
2
Let f = -82 + 169. What are the prime factors of f?
3, 29
Let l = 56 + -21. Suppose -3*f = 2*n - f - 30, -5*f = -5*n + l. List the prime factors of n.
11
Suppose -v - v + 58 = 0. What are the prime factors of v?
29
Suppose -h = -0*h - 6. Let z = h + -3. Suppose 2*q - 51 = -5*s, -7*q - 8 = -z*q. List the prime factors of s.
11
Suppose 0 = -n - 3*n - 100. Let d = 47 + n. List the prime factors of d.
2, 11
Suppose 0 = 4*s + s - 25. Let x(q) be the third derivative of q**6/120 - q**5/12 + q**4/6 - 3*q**2. What are the prime factors of x(s)?
2, 5
Suppose -4*c + 22 + 3 = i, 5*i = -c - 8. Let p(f) = -f**2 + 6*f + 9. Let v be p(c). Suppose 2*t + 4 = -v*g, -2*t + 3*g - g = -16. List the prime factors of t.
3
Let j = -98 + 167. What are the prime factors of j?
3, 23
Suppose -d = 3*u + 70, d - 5*u + 20 + 66 = 0. Let s = d + 113. List the prime factors of s.
37
Let u be (-42)/6 - (-9)/(-3). Let n(l) = -20*l**3 - l**2 + 2*l - 1. Let p be n(1). Let k = u - p. List the prime factors of k.
2, 5
Let c(r) = r**2 - 3*r - 5. What are the prime factors of c(8)?
5, 7
Suppose 0 = 2*q + 4*d - 36, -3*q - 5*d = -0*q - 50. Let v = q + 2. List the prime factors of v.
2, 3
Suppose -2*k - 3*p = -10 - 40, 4*k - 116 = -2*p. Let u = k + -22. What are the prime factors of u?
3
Suppose -2*u + 22 = -4*q, -3*u + 3*q = 6*q + 12. Let j be 3 - (-1 + u)/1. Suppose -3*a = j - 9. List the prime factors of a.
2
Suppose 2*q - 79 = 11. List the prime factors of q.
3, 5
Suppose 4*f - 5*k - 244 = 0, -4*f + 284 = f - k. What are the prime factors of f?
2, 7
Suppose 0*o + 3*o - r = 2, -4*r + 14 = -o. What are the prime factors of o?
2
Suppose 2*i + 3*k - 2 = 2, 0 = -i + 3*k + 11. Let l = -5 - i. List the prime factors of 5/(l/(-6)) - -2.
5
What are the prime factors of ((-42)/14)/(3/(-44))?
2, 11
Suppose -4*h = -3*g + 58, 4*g + 5 = -4*h + 3*h. Let p = h + 20. List the prime factors of p.
7
Let n(p) = -p**2 - 6. Let m be n(0). Let q(l) = -l**3 - 5*l**2 + 5*l - 2. What are the prime factors of q(m)?
2
Suppose -3*f + 1067 = -5*n, -2*f + 0*f = 2*n - 738. List the prime factors of f.
2, 7, 13
Suppose k + 2*f = 9, 9*k - 3*f = 4*k - 20. What are the prime factors of (-1 + 0)/(k/14)?
2, 7
Suppose -3*i = 2*c + 4 - 10, -2 = c - i. Suppose -9*z + 2*z + 112 = c. What are the prime factors of z?
2
Let n = -6 + 0. Let g(y) = -6*y - 2. List the prime factors of g(n).
2, 17
Let s = -45 + 80. What are the prime factors of (-14)/s + 97/5?
19
List the prime factors of (0 - (-4)/(-6))/((-44)/198).
3
List the prime factors of ((-5016)/(-48))/((-1)/(-2)).
11, 19
Let s(w) = 8*w**2 - 4*w + 2. Let g(t) = -4*t**2 + 2*t - 1. Let c(r) = -7*g(r) - 4*s(r). Let b be c(2). Let d = b - -19. What are the prime factors of d?
2, 3
Suppose 0 = s - 3*n - 9, 4*s + 4*n + 10 = -2. Let r = 1 + -2. What are the prime factors of 13 + (r - (s - -2))?
2, 5
Suppose 4*p + 155 - 420 = -h, 2*h = -6. List the prime factors of p.
67
Let r = 133 - 46. What are the prime factors of r?
3, 29
Let k(j) be the first derivative of j**3/3 + 3*j**2 - 4*j - 2. List the prime factors of k(-7).
3
Let i be (-4 + 3)*(-14)/(-2). Let y = i + 10. Suppose y = x - 5. List the prime factors of x.
2
Let d(y) = -y**3 + 8*y**2 - 6*y + 6. Suppose -4*o + 12 + 12 = 0. Let j be d(o). Suppose i - 3*i + j = 0. List the prime factors of i.
3, 7
Let v(d) = d + 10. Let c be v(-8). Suppose q + 2*q = z - 26, -q = c*z - 31. List the prime factors of z.
17
Suppose -5*q - 14 = 6. What are the prime factors of q/6 + (-56)/(-3)?
2, 3
Suppose 2*u - 2*g = 512, -3*g - g + 536 = 2*u. What are the prime factors of u?
2, 5, 13
Suppose -j - 2*j - 21 = 0. Let v = j - -11. Let n = v + -1. What are the prime factors of n?
3
Let u(j) be the first derivative of 3*j - 3/2*j**2 + 1/3*j**3 + 4. List the prime factors of u(3).
3
Let s(n) = n**2 - n. Let k(w) = w. Let c(i) = 2*k(i) + 3*s(i). Let a be c(-3). What are the prime factors of (a/9)/((-4)/(-6))?
5
Suppose 2*q + 4*m + m - 15 = 0, -4*q + 2*m = -18. What are the prime factors of (-6 + q)/(2/(-38))?
19
Let n = 0 + 31. List the prime factors of n.
31
List the prime factors of (-12)/(-8)*(-1108)/6*-1.
277
Let a = -69 - -121. What are the prime factors of a?
2, 13
Suppose -5*l + 125 = -480. List the prime factors of l.
11
Let h(t) be the third derivative of t**6/120 + t**5/10 + t**4/12 + t**3/3 - 4*t**2. What are the prime factors of h(-5)?
17
Suppose 0 = -3*h - 1 - 11. Let v = 9 + h. List the prime factors of v.
5
List the prime factors of (1/(2/(-3)))/(6/(-16)).
2
Let m be (-16)/(-3) + (-4)/(-6). Let c(v) = -v**3 + 7*v**2 - 5*v + 1. List the prime factors of c(m).
7
Let f(l) = l**3 + l**2 - l - 34. Let c be f(0). What are the prime factors of c/(-4)*2 - -1?
2, 3
Let i(z) = 1 + 4 - 2 - z. Let d be i(7). Let l = d + 9. List the prime factors of l.
5
Let m(i) = -i - i - 8*i - 1. Suppose 2*t - 18 = 5*c, -5*t + 2 = -2*c - 1. List the prime factors of m(t).
3
Suppose 0 = -0*r + 3*r. Suppose r = 2*j + 2*j - 216. List the prime factors of 204/j + (-2)/(-9).
2
Let j be ((-4)/(-6))/(6/117). Suppose -x + 0 = -3. List the prime factors of 2/x - j/(-3).
5
Let b(o) be the second derivative of o**3 + 9*o**2/2 - 4*o. List the prime factors of b(4).
3, 11
Let k(s) = -18*s - 22. What are the prime factors of k(-8)?
2, 61
Let r(u) be the second derivative of u**3/6 - 3*u**2 - u. Let h be r(6). Suppose 2*i + 2*i - 40 = h. List the prime factors of i.
2, 5
Suppose -5 = 5*n + 5. Let z(s) = -3*s - 1. Let k be z(n). List the prime factors of (0 + 12)*(6 - k).
2, 3
Suppose 3*j + n = -2*j + 187, 4*j + 5*n = 137. List the prime factors of j.
2, 19
Suppose -g - 16 = -3*g. Let t = g + -6. Let k(h) = 5*h - 3. List the prime factors of k(t).
7
Let g be ((-2)